 16861.
7772
What is the remainder when 137732367 is divided by 55?
47
What is the remainder when 35213 is divided by 10219?
4556
What is the remainder when 264892 is divided by 344?
12
Calculate the remainder when 56415 is divided by 4031.
4012
Calculate the remainder when 76718248 is divided by 42.
40
What is the remainder when 154868112 is divided by 73?
72
Calculate the remainder when 8562039 is divided by 16529.
17
What is the remainder when 1487214 is divided by 20?
14
What is the remainder when 9130665 is divided by 213?
207
What is the remainder when 106048 is divided by 4590?
478
Calculate the remainder when 33021989 is divided by 27703.
13
What is the remainder when 62504 is divided by 61630?
874
What is the remainder when 197364 is divided by 3639?
858
What is the remainder when 1379878 is divided by 2589?
2530
Calculate the remainder when 17410559 is divided by 3595.
3569
What is the remainder when 4022475 is divided by 804490?
25
What is the remainder when 27312056 is divided by 650287?
2
Calculate the remainder when 12004 is divided by 5894.
216
Calculate the remainder when 5421259 is divided by 645.
34
Calculate the remainder when 13380471 is divided by 8458.
8373
Calculate the remainder when 50860 is divided by 23561.
3738
Calculate the remainder when 56960889 is divided by 446.
445
What is the remainder when 1043325 is divided by 347724?
153
Calculate the remainder when 7886 is divided by 3497.
892
What is the remainder when 201672 is divided by 2938?
1888
What is the remainder when 564730461 is divided by 152?
149
Calculate the remainder when 102917 is divided by 4761.
2936
Calculate the remainder when 991843 is divided by 406.
391
What is the remainder when 1005970 is divided by 263?
258
What is the remainder when 8383192 is divided by 119?
118
Calculate the remainder when 46085996 is divided by 4608589.
106
Calculate the remainder when 60619392 is divided by 15.
12
Calculate the remainder when 834231 is divided by 11904.
951
What is the remainder when 2187664 is divided by 1206?
1186
Calculate the remainder when 1769400 is divided by 353850.
150
Calculate the remainder when 29443598 is divided by 2271.
83
What is the remainder when 73910 is divided by 2312?
2238
Calculate the remainder when 7101 is divided by 3767.
3334
What is the remainder when 2271486 is divided by 1135738?
10
Calculate the remainder when 36170944 is divided by 18.
16
Calculate the remainder when 3344424 is divided by 14478.
6
Calculate the remainder when 2308430 is divided by 12023.
14
Calculate the remainder when 3691908 is divided by 50574.
6
What is the remainder when 529491507 is divided by 10?
7
Calculate the remainder when 292345 is divided by 32418.
583
Calculate the remainder when 3675 is divided by 966.
777
What is the remainder when 2572281 is divided by 2897?
2642
Calculate the remainder when 681195 is divided by 90.
75
Calculate the remainder when 4745881 is divided by 10.
1
What is the remainder when 14077697 is divided by 14?
11
What is the remainder when 3302036 is divided by 194223?
245
What is the remainder when 2612170 is divided by 435358?
22
What is the remainder when 6402836 is divided by 4836?
4808
What is the remainder when 3990008 is divided by 12?
8
Calculate the remainder when 680205 is divided by 226702.
99
Calculate the remainder when 92929 is divided by 18561.
124
Calculate the remainder when 255796230 is divided by 1177.
1174
Calculate the remainder when 4642654 is divided by 96.
94
Calculate the remainder when 2315005 is divided by 5498.
347
What is the remainder when 415677 is divided by 54?
39
What is the remainder when 3816 is divided by 334?
142
Calculate the remainder when 100487 is divided by 1253.
247
Calculate the remainder when 723403 is divided by 12.
7
What is the remainder when 208511 is divided by 4518?
683
What is the remainder when 2600846 is divided by 149?
51
What is the remainder when 563759 is divided by 23?
6
What is the remainder when 1802304 is divided by 94857?
21
Calculate the remainder when 118843988 is divided by 119.
116
Calculate the remainder when 1025390 is divided by 544.
494
What is the remainder when 50429366 is divided by 3879182?
0
What is the remainder when 78475 is divided by 276?
91
Calculate the remainder when 29624275 is divided by 292.
291
What is the remainder when 16231307 is divided by 513?
500
Calculate the remainder when 1741962 is divided by 580565.
267
Calculate the remainder when 155742873 is divided by 1646.
1645
What is the remainder when 427930578 is divided by 385?
383
What is the remainder when 654594 is divided by 5643?
6
Calculate the remainder when 211583 is divided by 34856.
2447
Calculate the remainder when 14156659 is divided by 4391.
75
What is the remainder when 726398 is divided by 236?
226
What is the remainder when 78265604 is divided by 160?
4
What is the remainder when 265809 is divided by 1574?
1377
Calculate the remainder when 1557363 is divided by 11536.
3
Calculate the remainder when 1336328 is divided by 2.
0
Calculate the remainder when 3420035 is divided by 13.
8
Calculate the remainder when 11650130 is divided by 155333.
155
Calculate the remainder when 2481138 is divided by 19.
4
What is the remainder when 1811925 is divided by 22647?
165
Calculate the remainder when 74899 is divided by 7473.
169
What is the remainder when 2160547 is divided by 1080269?
9
What is the remainder when 418201 is divided by 8897?
42
Calculate the remainder when 1109637 is divided by 1462.
1441
Calculate the remainder when 10459025 is divided by 174.
59
Calculate the remainder when 1470442 is divided by 1802.
10
Calculate the remainder when 2142751 is divided by 714240.
31
Calculate the remainder when 1093628 is divided by 3537.
695
What is the remainder when 62097792 is divided by 5328?
5280
What is the remainder when 11154795 is divided by 3957?
12
Calculate the remainder when 82004921 is divided by 797.
794
What is the remainder when 202873 is divided by 319?
308
Calculate the remainder when 8009 is divided by 49.
22
What is the remainder when 6890061 is divided by 34?
29
Calculate the remainder when 22499 is divided by 2693.
955
Calculate the remainder when 3782887 is divided by 2453.
361
What is the remainder when 108297 is divided by 21247?
2062
What is the remainder when 2518658 is divided by 104943?
26
What is the remainder when 52415104 is divided by 26852?
0
What is the remainder when 29441262 is divided by 2460?
2442
Calculate the remainder when 200146 is divided by 6663.
256
Calculate the remainder when 135378106 is divided by 796.
794
What is the remainder when 54382 is divided by 26583?
1216
What is the remainder when 167538 is divided by 55489?
1071
What is the remainder when 1946983 is divided by 48674?
23
What is the remainder when 11399705 is divided by 1974?
1829
Calculate the remainder when 1314847 is divided by 164343.
103
Calculate the remainder when 801742 is divided by 166.
128
What is the remainder when 7086 is divided by 7053?
33
What is the remainder when 223771 is divided by 2459?
2
What is the remainder when 3461102 is divided by 114?
62
What is the remainder when 1122017 is divided by 638?
413
What is the remainder when 823947 is divided by 2774?
69
What is the remainder when 186705333 is divided by 49?
45
Calculate the remainder when 4929133 is divided by 197.
193
Calculate the remainder when 23770336 is divided by 156.
148
Calculate the remainder when 30286238 is divided by 15143117.
4
What is the remainder when 6492171 is divided by 3246082?
7
Calculate the remainder when 27424266 is divided by 26.
12
What is the remainder when 415467 is divided by 324?
99
Calculate the remainder when 12832099 is divided by 974.
623
What is the remainder when 94950503 is divided by 65?
63
What is the remainder when 1896985 is divided by 1793?
1784
What is the remainder when 883437 is divided by 49?
16
What is the remainder when 23017512 is divided by 119?
56
What is the remainder when 85789510 is divided by 145?
115
Calculate the remainder when 156572 is divided by 49868.
6968
Calculate the remainder when 5355328 is divided by 145.
43
What is the remainder when 67010511 is divided by 1126?
1125
Calculate the remainder when 2431279 is divided by 12156